te the greatest common divisor of 1463 and 58938.
209
Calculate the highest common factor of 15672 and 648.
24
Calculate the greatest common factor of 59 and 5731614.
59
What is the greatest common divisor of 40 and 11093520?
40
What is the greatest common divisor of 506534 and 5968?
746
What is the highest common factor of 125015 and 55?
55
Calculate the highest common factor of 749784 and 210.
42
Calculate the greatest common divisor of 34968 and 868.
124
Calculate the greatest common factor of 13608 and 2436.
84
What is the greatest common divisor of 14168 and 104328?
1288
Calculate the highest common factor of 3256 and 2664.
296
What is the greatest common divisor of 819 and 42159?
39
Calculate the greatest common factor of 1564 and 122383.
391
Calculate the highest common divisor of 83 and 2236601.
83
What is the highest common divisor of 4984 and 292632?
712
Calculate the greatest common factor of 581120 and 128.
128
Calculate the greatest common divisor of 1796049 and 18.
9
Calculate the highest common divisor of 488301 and 33.
33
What is the highest common factor of 16483625 and 850?
425
What is the greatest common divisor of 29042 and 130?
26
What is the highest common factor of 33582 and 870?
174
What is the highest common divisor of 5225 and 8075?
475
What is the greatest common factor of 10338 and 48?
6
What is the greatest common divisor of 470 and 7890?
10
What is the highest common factor of 78 and 959829?
39
What is the highest common divisor of 188 and 37694?
94
Calculate the greatest common divisor of 125 and 686.
1
What is the highest common factor of 749 and 308053?
107
What is the highest common factor of 1383 and 3025082?
461
What is the greatest common divisor of 83 and 2905747?
83
What is the highest common divisor of 689741 and 221?
221
Calculate the highest common factor of 97747 and 13.
13
What is the greatest common divisor of 128 and 30688?
32
What is the highest common factor of 369016 and 478?
478
What is the greatest common factor of 638473 and 22?
11
What is the highest common factor of 78800 and 1600?
400
Calculate the greatest common divisor of 341 and 473.
11
What is the greatest common divisor of 904 and 9266?
226
Calculate the greatest common divisor of 2344693 and 13.
13
Calculate the highest common factor of 63116 and 12772.
124
What is the highest common factor of 5893 and 249?
83
What is the greatest common factor of 22785 and 165?
15
Calculate the greatest common factor of 660 and 57570.
30
Calculate the greatest common factor of 968 and 19118.
242
Calculate the highest common factor of 3429 and 508.
127
Calculate the highest common divisor of 30 and 30465.
15
What is the greatest common divisor of 29166 and 24?
6
What is the highest common divisor of 39 and 11684517?
39
What is the greatest common factor of 60 and 1211920?
20
What is the greatest common factor of 24 and 598548?
12
What is the greatest common divisor of 16709 and 403?
31
What is the greatest common divisor of 33263 and 152830?
899
Calculate the highest common divisor of 186087 and 11.
11
What is the highest common divisor of 58 and 5588271?
29
Calculate the greatest common factor of 44 and 122606.
22
What is the highest common divisor of 264894 and 3038?
98
Calculate the highest common divisor of 443975 and 1720.
215
Calculate the greatest common divisor of 2502 and 278.
278
Calculate the highest common factor of 2 and 1706.
2
What is the greatest common factor of 84 and 3827859?
21
What is the greatest common factor of 9 and 3249?
9
What is the highest common factor of 162 and 8667?
81
Calculate the greatest common factor of 150 and 2826.
6
What is the greatest common factor of 542 and 20?
2
What is the greatest common divisor of 348 and 513880?
116
What is the greatest common factor of 13752 and 390213?
1719
Calculate the highest common divisor of 696 and 1400004.
348
Calculate the highest common divisor of 138 and 42.
6
Calculate the highest common divisor of 654 and 109545.
327
Calculate the highest common factor of 365 and 826214.
73
What is the highest common factor of 6490 and 476366?
1298
Calculate the highest common factor of 6633 and 422703.
603
Calculate the greatest common factor of 1197 and 1314705.
399
Calculate the highest common divisor of 3 and 468453.
3
What is the highest common divisor of 824772 and 17?
17
Calculate the highest common factor of 57431 and 91586.
253
Calculate the greatest common divisor of 156 and 155532.
156
What is the greatest common factor of 369 and 164475?
9
Calculate the highest common factor of 1566 and 213498.
522
Calculate the greatest common factor of 543285 and 45.
45
Calculate the highest common divisor of 160 and 35890.
10
Calculate the highest common factor of 61826 and 2451.
19
Calculate the highest common divisor of 42 and 369159.
21
What is the greatest common divisor of 135 and 319140?
135
What is the greatest common factor of 1959 and 3?
3
What is the highest common factor of 348 and 72210?
174
Calculate the highest common divisor of 531128 and 312.
104
What is the highest common divisor of 274 and 65486?
274
Calculate the greatest common factor of 207 and 844353.
207
What is the highest common factor of 190 and 26087?
19
What is the highest common divisor of 1840 and 10704?
16
What is the highest common factor of 1055 and 3125?
5
Calculate the highest common factor of 342105 and 195.
15
What is the highest common divisor of 7104 and 583860?
444
Calculate the greatest common factor of 38440 and 64.
8
Calculate the highest common divisor of 26669 and 5.
1
Calculate the greatest common divisor of 20484 and 36.
36
Calculate the highest common factor of 11235 and 3465.
105
Calculate the greatest common divisor of 87 and 54375.
87
What is the highest common divisor of 1008 and 1605408?
336
What is the highest common divisor of 44 and 6193?
11
Calculate the highest common factor of 275 and 47685.
55
Calculate the greatest common factor of 3572 and 2356.
76
What is the highest common divisor of 1870 and 314347?
187
What is the highest common factor of 935 and 2695?
55
Calculate the highest common factor of 141867 and 41557.
1433
What is the greatest common factor of 759 and 3657?
69
What is the highest common factor of 3744 and 8216?
104
What is the highest common factor of 1177714 and 1052?
526
What is the highest common divisor of 36 and 1419786?
18
What is the highest common divisor of 581550 and 15?
15
Calculate the greatest common factor of 504 and 628.
4
What is the greatest common divisor of 703501 and 28543?
1679
What is the greatest common factor of 285 and 4065?
15
Calculate the greatest common factor of 621 and 6463.
23
Calculate the highest common factor of 54984 and 3016.
232
Calculate the highest common factor of 805 and 1215.
5
What is the greatest common divisor of 4600 and 156032?
184
What is the greatest common divisor of 438478 and 40450?
1618
What is the highest common divisor of 4462 and 90210?
194
What is the greatest common factor of 77 and 17549?
7
Calculate the greatest common divisor of 32451 and 35583.
87
What is the greatest common divisor of 33150 and 1768?
442
Calculate the greatest common divisor of 23898 and 98.
14
What is the greatest common factor of 1484 and 1174586?
742
What is the highest common divisor of 999 and 437895?
333
Calculate the highest common divisor of 619952 and 32.
16
Calculate the greatest common divisor of 312 and 25077.
39
Calculate the greatest common factor of 101648 and 48.
16
Calculate the greatest common divisor of 108 and 1100796.
12
What is the greatest common factor of 463792 and 20?
4
Calculate the greatest common divisor of 1744824 and 120.
24
Calculate the highest common factor of 8019 and 264.
33
What is the highest common divisor of 1343 and 15487?
17
Calculate the greatest common divisor of 21497 and 91217.
581
What is the greatest common factor of 153532 and 32816?
1172
Calculate the highest common divisor of 56 and 715470.
14
What is the greatest common divisor of 87 and 374448?
87
Calculate the greatest common factor of 335829 and 545.
109
What is the highest common divisor of 8300 and 1200?
100
Calculate the greatest common factor of 137557 and 14.
7
What is the highest common divisor of 2465 and 145580?
145
W